
-2 + (-2 - -4) - (-6 + 3)
3
What is -3 + (-10 + 1 - (-2 + -3))?
-7
Calculate -2 - (-6 + 11) - -3.
-4
Evaluate (-8 - -1) + (-6 - -13) + -2.
-2
What is the value of (-6 - -2) + (27 - 7) + -7?
9
Calculate -1 + -4 + -3 + 5.
-3
What is the value of 9 - 5 - (4 - 1)?
1
Calculate 0 + -5 - (7 + -2 + -2).
-8
What is (0 - 5 - -3) + (8 - 8)?
-2
What is the value of -1 - (5 - ((2 - -2) + -1))?
-3
Calculate 11 + -8 + -1 - (0 - 6).
8
(-5 - -2) + 1 - (2 - 6)
2
Evaluate -18 + 30 + -2 + -14.
-4
What is -1 - (2 - (6 + -2 - -3))?
4
-8 + (3 + 5 - -7)
7
-1 + 1 + -1 + (0 - 3)
-4
0 + -1 - (4 + (1 - 0))
-6
Calculate -6 + -3 + 5 + -1.
-5
What is the value of 8 - (8 - (0 - -2))?
2
Evaluate (0 - -5) + -3 + 0 + -7.
-5
What is the value of 3 + 0 + -7 + 1?
-3
0 + -2 + 3 + -2
-1
Evaluate -5 + -2 + 6 + 10.
9
-14 - (2 + 10 + -20)
-6
-13 + -9 + 22 + -5
-5
What is the value of (1 - 3 - 1) + 1 + 1?
-1
Calculate 10 - (10 + -11 - -10).
1
Calculate (4 - (0 - 2)) + -3 - 6.
-3
(-1 - -1) + (-1 + -3 - -3)
-1
What is the value of (-3 - 3) + -12 + 13 + -3?
-8
Calculate 6 - 4 - (1 + -3).
4
Calculate (-8 - (-8 + 10)) + 11.
1
(-7 - -6 - -2) + (0 - 3)
-2
What is 17 - 14 - (3 + 1)?
-1
Calculate -5 + 6 + -1 + -4.
-4
What is the value of 10 + -9 + (10 - 11)?
0
What is -162 + 164 - (-4 + 0)?
6
Calculate 6 + (-5 - -9 - 0 - 7).
3
What is the value of 6 - (3 - (-2 + -1 - -4))?
4
Calculate (6 - -2) + -6 - -1.
3
What is the value of 5 - 2 - (1 - (-2 - 0))?
0
-6 + 4 + 1 + 3
2
What is the value of 5 - 0 - (2 + 0) - -1?
4
16 + (-14 - -7) + -3
6
Calculate 2 - 0 - (10 + -6).
-2
What is the value of (-1 - 0) + -2 + -3 + 1?
-5
What is 3 - 7 - (-2 - 4) - -1?
3
1 + -2 - (2 - -2 - 8)
3
Calculate 9 - 1 - (-40 + 47).
1
What is -13 + 3 - (1 - -9 - 13)?
-7
Calculate 4 - 0 - (16 - (3 - -4)).
-5
Evaluate -6 - (-4 + (2 - 2)).
-2
(21 + -18 - (-2 - -1)) + -7
-3
Evaluate (4 - 14) + (-2 - -20).
8
(24 - 38) + (1 - -18)
5
Evaluate (-2 - (-6 + 3)) + -2 + -2.
-3
Evaluate (-15 - (0 - 2 - 0)) + 6.
-7
What is (8 - 4) + -8 + 5?
1
What is the value of (6 - -1) + -38 + 40?
9
Calculate -5 - (-1 + -1) - (-27 - -22).
2
1 - 3 - (1 - 5 - -2)
0
Calculate -3 - 4 - (-7 - (-6 + 2)).
-4
What is the value of 6 + -2 + -1 + -7 + 2?
-2
What is the value of 4 + -5 - (1 - 1 - 2)?
1
Calculate 6 + -2 - 5 - -5.
4
What is 9 + -16 + 2 + 13?
8
Evaluate -4 - -2 - (3 + -12) - 3.
4
5 + 3 + -5 + 0
3
8 + (1 - (9 + -7) - 2)
5
-6 + 8 + -3 + 5
4
Evaluate 0 - (2 + 3) - 0.
-5
What is 3 + (-2 + -1 - -4)?
4
Calculate 0 + 10 + 35 + -42.
3
Calculate (4 - 6) + 0 + -2 + 1.
-3
What is 8 - (-3 + 1 - (-4 - 2))?
4
What is 19 - (14 + 0) - (0 + 2)?
3
Calculate (-4 + (1 - -4) - 4) + 2.
-1
2 + 0 + -6 + 1
-3
What is 5 + 3 + -6 + -6 + 0?
-4
What is the value of -4 + (-7 + 4 - (3 - 1))?
-9
What is the value of 4 + -11 - (4 + -1 + -4)?
-6
Calculate 3 + -2 + (2 - (14 + -8)).
-3
Calculate -1 - 1 - -3 - 1.
0
What is -12 + (8 - -2) + -4?
-6
3 + (3 + -1 - 9) - -3
-1
Calculate 0 + (4 - (-1 + 6)).
-1
Calculate 2 - (13 + -7) - 5.
-9
6 - (4 - (-4 - 0)) - -2
0
Calculate (0 - 1) + 6 + -8.
-3
What is the value of 1 + 0 + (-1 + 2 - 6)?
-4
What is the value of -12 - (-1 + -3 - 6)?
-2
Evaluate -3 - (0 - (8 - 4)).
1
-7 + (2 - -7) + (2 - 4)
0
Evaluate -3 - (-5 + 0 + (-28 - -29)).
1
Calculate 6 - (6 + 0 - 5).
5
What is 3 + 1 + -15 + 15?
4
Evaluate 2 - ((2 - -4) + 0).
-4
What is 3 - 4 - (-4 + 1)?
2
What is the value of (-9 - -1) + 0 + 0 + 2?
-6
Evaluate (2 - 5) + 1 + -78 + 81.
1
-9 + 7 + (6 - 3)
1
Evaluate 1 - 5 - (10 - 9).
-5
Calculate -1 + -2 + 4 - 3.
-2
Calculate -21 + 11 - (-3 - 7).
0
What is the value of (-4 + (12 - 4) - 2) + -6?
-4
What is the value of -37 - -39 - (0 + -3)?
5
Evaluate 13 - ((-2 - -12) + 0).
3
What is the value of (1 - 9) + 8 - 8?
-8
What is 3 - (-1 - (1 + -9 + 3))?
-1
What is the value of -1 - -18 - (23 + (24 - 40))?
10
Evaluate 0 + (9 + -7 - -2).
4
10 - 8 - 11 - -13
4
Calculate -20 + 23 + 2 + -1.
4
What is 1 + 7 - (-4 - -9)?
3
What is the value of 2 + -11 - (-62 - -55)?
-2
9 + -1 - (-5 - (-18 - -11))
6
What is 9 + (5 - 12 - -4) - 1?
5
Calculate 2 + -2 - (-1 + -6 + 3).
4
-8 + (0 - -4) - -5
1
What is -1 + (4 - (2 + -2))?
3
Calculate 2 + 0 + -6 - (13 - 13).
-4
What is the value of 0 + -4 - -5 - -4?
5
Evaluate -21 + 16 - (-3 + 7).
-9
What is -3 + (1 - 0) - 2?
-4
Calculate -25 + 25 + -6 + 2.
-4
Evaluate (28 - 9) + -7 + -8.
4
What is -5 - (-10 + (4 - -1))?
0
What is the value of 0 + -5 + (10 - 10) - -4?
-1
-4 + (3 - -3) + -2
0
(-9 - -4) + 7 - 7
-5
What is the value of -2 + -1 + 2 + 24 + -23?
0
Evaluate 10 + (17 + -6 - 20).
1
What is (7 - 5 - 16) + 9?
-5
Evaluate 15 + -3 - (32 + -25).
5
What is -26 + 22 - ((1 - 0) + 2)?
-7
14 - 14 - -7 - (2 + 0)
5
What is -1 + 8 + (-13 - -8)?
2
Evaluate -1 + 1 - ((3 - 6) + 5).
-2
What is 4 - 2 - (3 + -4 + 3)?
0
Calculate -58 + 60 - (1 + -3 + 0).
4
What is the value of -7 + (9 - 2) + -4?
-4
What is (-75 - -82) + 0 + 0?
7
-6 + (17 - 3) - 3 - 4
1
What is the value of -5 - (-2 + 1 + (4 - 10))?
2
Evaluate 1 - 1 - (2 + -1 + 2).
-3
What is -7 - ((-9 - -5) + 2)?
-5
Evaluate 35 - 34 - (0 - -2 - -3).
-4
What is -4 + (11 - 3) + -4?
0
Calculate 18 - 22 - (-2 - 2).
0
What is 4 + (2 + -7 - 1) + 4?
2
Calculate -1 - (1 + (0 - 3)).
1
3 + -9 - -6 - -2
2
What is (-4 - -5) + 1 - (-2 + 1)?
3
4 - (0 - (2 + -6))
0
What is the value of 4 + 3 + -5 + (-3 - -2)?
1
Calculate -5 - (-5 + 2 + (2 - 5)).
1
What is (5 - -3) + -1 + -4?
3
What is the value of 1 + (3 - 3) + (-16 - -19)?
4
Calculate -4 - (2 + (-1 - 0) - 4).
-1
-4 - (-5 + (-1 - -5) - 0)
-3
What is -1 + -1 - (10 + -7) - -8?
3
What is the value of 6 + (1 - (0 + 10))?
-3
What is the value of 0 - (-1 + 2) - (1 + -2)?
0
Calculate 1 + -4 + 3 + (2 - -1).
3
Evaluate -499 - -513 - (0 + (7 - 1)).
8
What is the value of (3 - (3 + -5)) + (0 - 8)?
-3
-2 + 8 + 4 + -1 + -8
1
What is 0 + (-2 - 0) + -2 + 6?
2
-8 - (4 + -16 - -4)
0
Evaluate (5 - (6 + 2)) + -3.
-6
Calculate 6 - (-3 + 1 - (-4 + -5)).
-1
What is (-1 - 0 - 4) + (5 - 0)?
0
What is -1 - (-1 + (-1 - -1)) - -6?
6
Calculate 10 + (-7 - -11) - 10.
4
What is the value of 4 - (-1 - (-7 - -3))?
1
Calculate -6 + 13 - 11 - (-9 + -1).
6
Calculate (-1 - (3 - 2 - 0)) + 4.
2
Evaluate -6 + 7 + (2 - 1 - 0).
2
What is the value of 8 + (0 - 0) + -6?
2
-2 + (2 - (-1 - -3))
-2
1 + -5 + (14 - 3) + -5
2
What is 5 - (-5 - (7 + -9))?
8
What is the value of 5 + 5 + -5 + -5?
0
What is the value of (7 - 6) + (-1 - -3) + 0?
3
What is the value of -3 - (-5 - (-1 - 0)) - 3?
-2
-3 - 1 - (-4 + 8)
-8
Calculate 3 + 0 + (5 - 15 - -3).
-4
(1 - -6) + 1 + -4
4
-2 - (-7 - (10 - 11))
4
Calculate 10 - 7 - (-2 - (1 - 4)).
2
What is -3 + -5 + 2 + 10 + -6?
-2
Calculate 5 + (-1 - 3) + (3 - 1).
3
-8 + (-7 - -2 - -6)
-7
What is 6 + 0 - (-7 - -11)?
2
Calculate 1 + -6 + 5 + -1.
-1
0 - (-2 - 3) - (-12 - -14)
3
What is the value of (5 - -4 - 5 - 0) + -5?
-1
What is (2 - -4) + (-3 - 1)?
2
What is the value of 9 + (-10 - (-10 + 6))?
3
What is the value of 5 + 1 + -5 + 0?
1
9 + -9 + 2 + -7
-5
Evaluate 1 + 4 + -13 + 7.
-1
What is the value of 3 + (-3 - (-4 - -6))?
-2
Evaluate 3 + 7 - 9 - -4.
5
What is (0 - 3) + 6 + -6 + 4?
1
What is the value of -4 - (0 - (-4 + 3 + 2))?
-3
5 + 4 + 1 + -7
3
(6 + -3 - (0 + -3)) + -5
1
What is the value of -3 + 15 - (12 - 6)?
6
What is (6 - 1) + (-2 - 4) + -4?
-5
What is the value of -7 - 6 - (-6 - 2)?
-5
What is (10 - 17) + (9 - 3)?
-1
What is the value of 11 + -5 + -9 + 6?
3
What is (-4 - -5) + (1 - (1 + 1))?
0
Evaluate 5 - (1 + -2) - (-4 + 5).
5
Calculate -7 + (0 + 7 - 3).
-3
What is the value of 5 + -5 + -3 - 2 - -5?
0
Evaluate (3 + 0 - 4) + -1.
-2
Evaluate (-8 + 6 - 2) + 1.
-3
Calculate 2 - 1 - 0 - 4 - -8.
5
(-2 - 0 - 2) + 8 + -5
-1
What is the value of -2 + 1 + -12 + 5?
-8
What is the value of (9 + -5 - 4) + 1?
1
What is 7 - (1 + -3 - -5)?
4
(29 - 28) + (0 - 1)
0
Calculate 2 - (1 + 3 + 5 + -4).
-3
What is the value of (5 - 15) + -4 - -9?
-5
What is the value of -11 + 7 + -1 + -3 + 9?
1
Calculate -4 - -1 - (1 + -1).
-3
Evaluate -1 + 5 + 10 + -4 + -13.
-3
What is 6 - (4 + 2 + -4)?
4
What is 87 + -81 - (-1 + 1)?
6
Evaluate -10 + 13 - (2 - 4).
5
What is 0 + 2 + (1 - 7)?
-4
What is the value of -1 - 1 - (-7 - (5 - 3))?
7
What is the value of -10 - (-5 - (-1 + 3 + -2))?
-5
Calculate (-16 - -22) + -2 + 2 + -1.
5
What is (2 - 1) + -4 + 1?
-2
Calculate 7 + -6 + (5 + -1 - 0).
5
What is the value of 